{"id":975,"date":"2022-03-03T12:58:51","date_gmt":"2022-03-03T11:58:51","guid":{"rendered":"https:\/\/www.chalupadanka.eu\/?page_id=975"},"modified":"2022-03-07T12:50:07","modified_gmt":"2022-03-07T11:50:07","slug":"historicke-a-kulturne-bohatstvo-gemera","status":"publish","type":"page","link":"https:\/\/www.chalupadanka.eu\/?page_id=975","title":{"rendered":"Historick\u00e9 a kult\u00farne bohatstvo Gemera"},"content":{"rendered":"\t\t<div data-elementor-type=\"wp-page\" data-elementor-id=\"975\" class=\"elementor elementor-975\">\n\t\t\t\t\t\t<section class=\"elementor-section elementor-top-section elementor-element elementor-element-667d4590 elementor-section-content-middle elementor-section-boxed elementor-section-height-default elementor-section-height-default\" data-id=\"667d4590\" data-element_type=\"section\">\n\t\t\t\t\t\t<div class=\"elementor-container elementor-column-gap-no\">\n\t\t\t\t\t<div class=\"elementor-column elementor-col-100 elementor-top-column elementor-element elementor-element-74cf74cf\" data-id=\"74cf74cf\" data-element_type=\"column\">\n\t\t\t<div class=\"elementor-widget-wrap elementor-element-populated\">\n\t\t\t\t\t\t<div class=\"elementor-element elementor-element-3aa7d777 elementor-widget elementor-widget-image\" data-id=\"3aa7d777\" data-element_type=\"widget\" data-widget_type=\"image.default\">\n\t\t\t\t<div class=\"elementor-widget-container\">\n\t\t\t<style>\/*! elementor - v3.21.0 - 25-04-2024 *\/\n.elementor-widget-image{text-align:center}.elementor-widget-image a{display:inline-block}.elementor-widget-image a img[src$=\".svg\"]{width:48px}.elementor-widget-image img{vertical-align:middle;display:inline-block}<\/style>\t\t\t\t\t\t\t\t\t\t<img fetchpriority=\"high\" decoding=\"async\" width=\"1218\" height=\"1125\" src=\"https:\/\/www.chalupadanka.eu\/wp-content\/uploads\/2022\/01\/betliar-e1642694109239.jpg\" class=\"attachment-full size-full wp-image-763\" alt=\"\" srcset=\"https:\/\/www.chalupadanka.eu\/wp-content\/uploads\/2022\/01\/betliar-e1642694109239.jpg 1218w, https:\/\/www.chalupadanka.eu\/wp-content\/uploads\/2022\/01\/betliar-e1642694109239-300x277.jpg 300w, https:\/\/www.chalupadanka.eu\/wp-content\/uploads\/2022\/01\/betliar-e1642694109239-1024x946.jpg 1024w, https:\/\/www.chalupadanka.eu\/wp-content\/uploads\/2022\/01\/betliar-e1642694109239-768x709.jpg 768w\" sizes=\"(max-width: 1218px) 100vw, 1218px\" \/>\t\t\t\t\t\t\t\t\t\t\t\t\t<\/div>\n\t\t\t\t<\/div>\n\t\t\t\t<div class=\"elementor-element elementor-element-2ca08222 elementor-widget elementor-widget-heading\" data-id=\"2ca08222\" data-element_type=\"widget\" data-widget_type=\"heading.default\">\n\t\t\t\t<div class=\"elementor-widget-container\">\n\t\t\t<style>\/*! elementor - v3.21.0 - 25-04-2024 *\/\n.elementor-heading-title{padding:0;margin:0;line-height:1}.elementor-widget-heading .elementor-heading-title[class*=elementor-size-]>a{color:inherit;font-size:inherit;line-height:inherit}.elementor-widget-heading .elementor-heading-title.elementor-size-small{font-size:15px}.elementor-widget-heading .elementor-heading-title.elementor-size-medium{font-size:19px}.elementor-widget-heading .elementor-heading-title.elementor-size-large{font-size:29px}.elementor-widget-heading .elementor-heading-title.elementor-size-xl{font-size:39px}.elementor-widget-heading .elementor-heading-title.elementor-size-xxl{font-size:59px}<\/style><h3 class=\"elementor-heading-title elementor-size-default\">Historick\u00e9 a kult\u00farne bohatstvo Gemera<\/h3>\t\t<\/div>\n\t\t\t\t<\/div>\n\t\t\t\t<div class=\"elementor-element elementor-element-786e6c0d elementor-widget elementor-widget-text-editor\" data-id=\"786e6c0d\" data-element_type=\"widget\" data-widget_type=\"text-editor.default\">\n\t\t\t\t<div class=\"elementor-widget-container\">\n\t\t\t<style>\/*! elementor - v3.21.0 - 25-04-2024 *\/\n.elementor-widget-text-editor.elementor-drop-cap-view-stacked .elementor-drop-cap{background-color:#69727d;color:#fff}.elementor-widget-text-editor.elementor-drop-cap-view-framed .elementor-drop-cap{color:#69727d;border:3px solid;background-color:transparent}.elementor-widget-text-editor:not(.elementor-drop-cap-view-default) .elementor-drop-cap{margin-top:8px}.elementor-widget-text-editor:not(.elementor-drop-cap-view-default) .elementor-drop-cap-letter{width:1em;height:1em}.elementor-widget-text-editor .elementor-drop-cap{float:left;text-align:center;line-height:1;font-size:50px}.elementor-widget-text-editor .elementor-drop-cap-letter{display:inline-block}<\/style>\t\t\t\t<p>Z najbli\u017e\u0161ieho okolia sta\u010d\u00ed spomen\u00fa\u0165 aj cudzincom zn\u00e1me skvosty ako\u00a0Andr\u00e1ssyovsk\u00fd\u00a0 gr\u00f3fsky<b>\u00a0 Ka\u0161tie\u013e Betliar<\/b>, \u010di<b>\u00a0Hrad Kr\u00e1sna H\u00f4rka \u00a0<\/b>a<b>\u00a0 Hrad Mur\u00e1\u0148.<\/b><\/p>\t\t\t\t\t\t<\/div>\n\t\t\t\t<\/div>\n\t\t\t\t\t<\/div>\n\t\t<\/div>\n\t\t\t\t\t<\/div>\n\t\t<\/section>\n\t\t\t\t<section class=\"elementor-section elementor-top-section elementor-element elementor-element-f87d34f elementor-section-boxed elementor-section-height-default elementor-section-height-default\" data-id=\"f87d34f\" data-element_type=\"section\">\n\t\t\t\t\t\t<div class=\"elementor-container elementor-column-gap-default\">\n\t\t\t\t\t<div class=\"elementor-column elementor-col-100 elementor-top-column elementor-element elementor-element-6a75986\" data-id=\"6a75986\" data-element_type=\"column\">\n\t\t\t<div class=\"elementor-widget-wrap elementor-element-populated\">\n\t\t\t\t\t\t<div class=\"elementor-element elementor-element-1c5e1c0f elementor-widget elementor-widget-text-editor\" data-id=\"1c5e1c0f\" data-element_type=\"widget\" data-widget_type=\"text-editor.default\">\n\t\t\t\t<div class=\"elementor-widget-container\">\n\t\t\t\t\t\t\t<p>Priamo v \u0160t\u00edtniku n\u00e1jdete\u00a0jednu z najv\u00fdznamnej\u0161\u00edch n\u00e1rodn\u00fdch pamiatok\u00a0na Slovensku, zaraden\u00fa\u00a0do svetov\u00e9ho dedi\u010dstva<b>\u00a0UNESCO<span id=\"more-707\"><\/span><\/b>\u00a0\u2013 gotick\u00fd evanjelick\u00fd\u00a0<b>kostol zo 14. storo\u010dia<\/b>\u00a0s n\u00e1dhern\u00fdmi klenbami, vz\u00e1cnymi ma\u013ebami a najstar\u0161\u00edm org\u00e1nom na Slovensku. Nach\u00e1dza sa tu aj\u00a0zr\u00facanina<b>\u00a0Bekeovsk\u00e9ho str\u00e1\u017eneho vodn\u00e9ho hradu<\/b>, ktor\u00fd sl\u00fa\u017eil ako str\u00e1\u017ena ba\u0161ta proti tureck\u00fdm n\u00e1jazdom.\u00a0<\/p>\t\t\t\t\t\t<\/div>\n\t\t\t\t<\/div>\n\t\t\t\t<div class=\"elementor-element elementor-element-1bbe6ae elementor-widget elementor-widget-image\" data-id=\"1bbe6ae\" data-element_type=\"widget\" data-widget_type=\"image.default\">\n\t\t\t\t<div class=\"elementor-widget-container\">\n\t\t\t\t\t\t\t\t\t\t\t\t\t<img decoding=\"async\" width=\"2560\" height=\"1812\" src=\"https:\/\/www.chalupadanka.eu\/wp-content\/uploads\/2022\/03\/hist.-akult-scaled.jpg\" class=\"attachment-full size-full wp-image-992\" alt=\"Historick\u00e9 aktu\u00e1lne bohatstvo\" srcset=\"https:\/\/www.chalupadanka.eu\/wp-content\/uploads\/2022\/03\/hist.-akult-scaled.jpg 2560w, https:\/\/www.chalupadanka.eu\/wp-content\/uploads\/2022\/03\/hist.-akult-300x212.jpg 300w, https:\/\/www.chalupadanka.eu\/wp-content\/uploads\/2022\/03\/hist.-akult-1024x725.jpg 1024w, https:\/\/www.chalupadanka.eu\/wp-content\/uploads\/2022\/03\/hist.-akult-768x543.jpg 768w, https:\/\/www.chalupadanka.eu\/wp-content\/uploads\/2022\/03\/hist.-akult-1536x1087.jpg 1536w, https:\/\/www.chalupadanka.eu\/wp-content\/uploads\/2022\/03\/hist.-akult-2048x1449.jpg 2048w\" sizes=\"(max-width: 2560px) 100vw, 2560px\" \/>\t\t\t\t\t\t\t\t\t\t\t\t\t<\/div>\n\t\t\t\t<\/div>\n\t\t\t\t<div class=\"elementor-element elementor-element-3dfe8b02 elementor-widget elementor-widget-text-editor\" data-id=\"3dfe8b02\" data-element_type=\"widget\" data-widget_type=\"text-editor.default\">\n\t\t\t\t<div class=\"elementor-widget-container\">\n\t\t\t\t\t\t\t<p>V Ro\u017e\u0148ave n\u00e1jdete v\u00fdnimo\u010dn\u00fa\u00a0<b>Katedr\u00e1lu Nanebovzatia Panny M\u00e1rie<\/b>, v Kr\u00e1snej H\u00f4rke\u00a0<b>mauz\u00f3leum a gal\u00e9riu Andr\u00e1ssyovcov<\/b>, v L\u00fa\u010dke zauj\u00edmav\u00fd\u00a0<b>Husitsk\u00fd kostol<\/b>\u00a0a mnoho, mnoho \u010fa\u013e\u0161\u00edch zauj\u00edmav\u00fdch pamiatok, cez ktor\u00e9 ved\u00fa ve\u013emi dobre spracovan\u00e9\u00a0 \u201e<b>Eur\u00f3pska \u017eelezn\u00e1 cesta<\/b>\u201c \u00a0a \u201e<b>Gotick\u00e1 cesta<\/b>\u201e. Chalupa Danka\u00a0 v\u00a0\u0160t\u00edtniku\u00a0le\u017e\u00ed pr\u00e1ve na rozhran\u00ed v\u0161etk\u00fdch uveden\u00fdch pr\u00edrodn\u00fdch kr\u00e1s a historicko kult\u00farnych pamiatok, \u010do V\u00e1m garantuje mo\u017enos\u0165 pre\u017eitia nezabudnute\u013enej dovolenky a pobytu.<\/p>\t\t\t\t\t\t<\/div>\n\t\t\t\t<\/div>\n\t\t\t\t\t<\/div>\n\t\t<\/div>\n\t\t\t\t\t<\/div>\n\t\t<\/section>\n\t\t\t\t<\/div>\n\t\t","protected":false},"excerpt":{"rendered":"<p>Historick\u00e9 a kult\u00farne bohatstvo Gemera Z najbli\u017e\u0161ieho okolia sta\u010d\u00ed spomen\u00fa\u0165 aj cudzincom zn\u00e1me skvosty ako\u00a0Andr\u00e1ssyovsk\u00fd\u00a0 gr\u00f3fsky\u00a0 Ka\u0161tie\u013e Betliar, \u010di\u00a0Hrad Kr\u00e1sna H\u00f4rka \u00a0a\u00a0 Hrad Mur\u00e1\u0148. Priamo v \u0160t\u00edtniku n\u00e1jdete\u00a0jednu z najv\u00fdznamnej\u0161\u00edch n\u00e1rodn\u00fdch pamiatok\u00a0na Slovensku, zaraden\u00fa\u00a0do svetov\u00e9ho dedi\u010dstva\u00a0UNESCO\u00a0\u2013 gotick\u00fd evanjelick\u00fd\u00a0kostol zo 14. storo\u010dia\u00a0s n\u00e1dhern\u00fdmi klenbami, vz\u00e1cnymi ma\u013ebami a najstar\u0161\u00edm org\u00e1nom na Slovensku. Nach\u00e1dza sa tu aj\u00a0zr\u00facanina\u00a0Bekeovsk\u00e9ho str\u00e1\u017eneho [&hellip;]<\/p>\n","protected":false},"author":1,"featured_media":0,"parent":0,"menu_order":0,"comment_status":"closed","ping_status":"closed","template":"","meta":{"_monsterinsights_skip_tracking":false,"_monsterinsights_sitenote_active":false,"_monsterinsights_sitenote_note":"","_monsterinsights_sitenote_category":0,"site-sidebar-layout":"no-sidebar","site-content-layout":"page-builder","ast-site-content-layout":"","site-content-style":"default","site-sidebar-style":"default","ast-global-header-display":"","ast-banner-title-visibility":"","ast-main-header-display":"","ast-hfb-above-header-display":"","ast-hfb-below-header-display":"","ast-hfb-mobile-header-display":"","site-post-title":"disabled","ast-breadcrumbs-content":"","ast-featured-img":"disabled","footer-sml-layout":"","theme-transparent-header-meta":"","adv-header-id-meta":"","stick-header-meta":"","header-above-stick-meta":"","header-main-stick-meta":"","header-below-stick-meta":"","astra-migrate-meta-layouts":"default","ast-page-background-enabled":"default","ast-page-background-meta":{"desktop":{"background-color":"","background-image":"","background-repeat":"repeat","background-position":"center center","background-size":"auto","background-attachment":"scroll","background-type":"","background-media":"","overlay-type":"","overlay-color":"","overlay-gradient":""},"tablet":{"background-color":"","background-image":"","background-repeat":"repeat","background-position":"center center","background-size":"auto","background-attachment":"scroll","background-type":"","background-media":"","overlay-type":"","overlay-color":"","overlay-gradient":""},"mobile":{"background-color":"","background-image":"","background-repeat":"repeat","background-position":"center center","background-size":"auto","background-attachment":"scroll","background-type":"","background-media":"","overlay-type":"","overlay-color":"","overlay-gradient":""}},"ast-content-background-meta":{"desktop":{"background-color":"var(--ast-global-color-5)","background-image":"","background-repeat":"repeat","background-position":"center center","background-size":"auto","background-attachment":"scroll","background-type":"","background-media":"","overlay-type":"","overlay-color":"","overlay-gradient":""},"tablet":{"background-color":"var(--ast-global-color-5)","background-image":"","background-repeat":"repeat","background-position":"center center","background-size":"auto","background-attachment":"scroll","background-type":"","background-media":"","overlay-type":"","overlay-color":"","overlay-gradient":""},"mobile":{"background-color":"var(--ast-global-color-5)","background-image":"","background-repeat":"repeat","background-position":"center center","background-size":"auto","background-attachment":"scroll","background-type":"","background-media":"","overlay-type":"","overlay-color":"","overlay-gradient":""}},"footnotes":""},"yoast_head":"<!-- This site is optimized with the Yoast SEO plugin v22.5 - https:\/\/yoast.com\/wordpress\/plugins\/seo\/ -->\n<title>Historick\u00e9 a kult\u00farne bohatstvo Gemera - Chalupadanka<\/title>\n<meta name=\"robots\" content=\"index, follow, max-snippet:-1, max-image-preview:large, max-video-preview:-1\" \/>\n<link rel=\"canonical\" href=\"https:\/\/www.chalupadanka.eu\/?page_id=975\" \/>\n<meta property=\"og:locale\" content=\"sk_SK\" \/>\n<meta property=\"og:type\" content=\"article\" \/>\n<meta property=\"og:title\" content=\"Historick\u00e9 a kult\u00farne bohatstvo Gemera - Chalupadanka\" \/>\n<meta property=\"og:description\" content=\"Historick\u00e9 a kult\u00farne bohatstvo Gemera Z najbli\u017e\u0161ieho okolia sta\u010d\u00ed spomen\u00fa\u0165 aj cudzincom zn\u00e1me skvosty ako\u00a0Andr\u00e1ssyovsk\u00fd\u00a0 gr\u00f3fsky\u00a0 Ka\u0161tie\u013e Betliar, \u010di\u00a0Hrad Kr\u00e1sna H\u00f4rka \u00a0a\u00a0 Hrad Mur\u00e1\u0148. Priamo v \u0160t\u00edtniku n\u00e1jdete\u00a0jednu z najv\u00fdznamnej\u0161\u00edch n\u00e1rodn\u00fdch pamiatok\u00a0na Slovensku, zaraden\u00fa\u00a0do svetov\u00e9ho dedi\u010dstva\u00a0UNESCO\u00a0\u2013 gotick\u00fd evanjelick\u00fd\u00a0kostol zo 14. storo\u010dia\u00a0s n\u00e1dhern\u00fdmi klenbami, vz\u00e1cnymi ma\u013ebami a najstar\u0161\u00edm org\u00e1nom na Slovensku. Nach\u00e1dza sa tu aj\u00a0zr\u00facanina\u00a0Bekeovsk\u00e9ho str\u00e1\u017eneho [&hellip;]\" \/>\n<meta property=\"og:url\" content=\"https:\/\/www.chalupadanka.eu\/?page_id=975\" \/>\n<meta property=\"og:site_name\" content=\"Chalupadanka\" \/>\n<meta property=\"article:modified_time\" content=\"2022-03-07T11:50:07+00:00\" \/>\n<meta property=\"og:image\" content=\"https:\/\/www.chalupadanka.eu\/wp-content\/uploads\/2022\/01\/betliar-e1642694109239.jpg\" \/>\n<meta name=\"twitter:card\" content=\"summary_large_image\" \/>\n<meta name=\"twitter:label1\" content=\"Predpokladan\u00fd \u010das \u010d\u00edtania\" \/>\n\t<meta name=\"twitter:data1\" content=\"2 min\u00faty\" \/>\n<script type=\"application\/ld+json\" class=\"yoast-schema-graph\">{\"@context\":\"https:\/\/schema.org\",\"@graph\":[{\"@type\":\"WebPage\",\"@id\":\"https:\/\/www.chalupadanka.eu\/?page_id=975\",\"url\":\"https:\/\/www.chalupadanka.eu\/?page_id=975\",\"name\":\"Historick\u00e9 a kult\u00farne bohatstvo Gemera - Chalupadanka\",\"isPartOf\":{\"@id\":\"https:\/\/www.chalupadanka.eu\/#website\"},\"primaryImageOfPage\":{\"@id\":\"https:\/\/www.chalupadanka.eu\/?page_id=975#primaryimage\"},\"image\":{\"@id\":\"https:\/\/www.chalupadanka.eu\/?page_id=975#primaryimage\"},\"thumbnailUrl\":\"https:\/\/www.chalupadanka.eu\/wp-content\/uploads\/2022\/01\/betliar-e1642694109239.jpg\",\"datePublished\":\"2022-03-03T11:58:51+00:00\",\"dateModified\":\"2022-03-07T11:50:07+00:00\",\"breadcrumb\":{\"@id\":\"https:\/\/www.chalupadanka.eu\/?page_id=975#breadcrumb\"},\"inLanguage\":\"sk-SK\",\"potentialAction\":[{\"@type\":\"ReadAction\",\"target\":[\"https:\/\/www.chalupadanka.eu\/?page_id=975\"]}]},{\"@type\":\"ImageObject\",\"inLanguage\":\"sk-SK\",\"@id\":\"https:\/\/www.chalupadanka.eu\/?page_id=975#primaryimage\",\"url\":\"https:\/\/www.chalupadanka.eu\/wp-content\/uploads\/2022\/01\/betliar-e1642694109239.jpg\",\"contentUrl\":\"https:\/\/www.chalupadanka.eu\/wp-content\/uploads\/2022\/01\/betliar-e1642694109239.jpg\",\"width\":1218,\"height\":1125},{\"@type\":\"BreadcrumbList\",\"@id\":\"https:\/\/www.chalupadanka.eu\/?page_id=975#breadcrumb\",\"itemListElement\":[{\"@type\":\"ListItem\",\"position\":1,\"name\":\"Home\",\"item\":\"https:\/\/www.chalupadanka.eu\/\"},{\"@type\":\"ListItem\",\"position\":2,\"name\":\"Historick\u00e9 a kult\u00farne bohatstvo Gemera\"}]},{\"@type\":\"WebSite\",\"@id\":\"https:\/\/www.chalupadanka.eu\/#website\",\"url\":\"https:\/\/www.chalupadanka.eu\/\",\"name\":\"Chalupadanka\",\"description\":\"Len \u010fal\u0161ia WordPress str\u00e1nka\",\"potentialAction\":[{\"@type\":\"SearchAction\",\"target\":{\"@type\":\"EntryPoint\",\"urlTemplate\":\"https:\/\/www.chalupadanka.eu\/?s={search_term_string}\"},\"query-input\":\"required name=search_term_string\"}],\"inLanguage\":\"sk-SK\"}]}<\/script>\n<!-- \/ Yoast SEO plugin. -->","yoast_head_json":{"title":"Historick\u00e9 a kult\u00farne bohatstvo Gemera - Chalupadanka","robots":{"index":"index","follow":"follow","max-snippet":"max-snippet:-1","max-image-preview":"max-image-preview:large","max-video-preview":"max-video-preview:-1"},"canonical":"https:\/\/www.chalupadanka.eu\/?page_id=975","og_locale":"sk_SK","og_type":"article","og_title":"Historick\u00e9 a kult\u00farne bohatstvo Gemera - Chalupadanka","og_description":"Historick\u00e9 a kult\u00farne bohatstvo Gemera Z najbli\u017e\u0161ieho okolia sta\u010d\u00ed spomen\u00fa\u0165 aj cudzincom zn\u00e1me skvosty ako\u00a0Andr\u00e1ssyovsk\u00fd\u00a0 gr\u00f3fsky\u00a0 Ka\u0161tie\u013e Betliar, \u010di\u00a0Hrad Kr\u00e1sna H\u00f4rka \u00a0a\u00a0 Hrad Mur\u00e1\u0148. Priamo v \u0160t\u00edtniku n\u00e1jdete\u00a0jednu z najv\u00fdznamnej\u0161\u00edch n\u00e1rodn\u00fdch pamiatok\u00a0na Slovensku, zaraden\u00fa\u00a0do svetov\u00e9ho dedi\u010dstva\u00a0UNESCO\u00a0\u2013 gotick\u00fd evanjelick\u00fd\u00a0kostol zo 14. storo\u010dia\u00a0s n\u00e1dhern\u00fdmi klenbami, vz\u00e1cnymi ma\u013ebami a najstar\u0161\u00edm org\u00e1nom na Slovensku. Nach\u00e1dza sa tu aj\u00a0zr\u00facanina\u00a0Bekeovsk\u00e9ho str\u00e1\u017eneho [&hellip;]","og_url":"https:\/\/www.chalupadanka.eu\/?page_id=975","og_site_name":"Chalupadanka","article_modified_time":"2022-03-07T11:50:07+00:00","og_image":[{"url":"https:\/\/www.chalupadanka.eu\/wp-content\/uploads\/2022\/01\/betliar-e1642694109239.jpg"}],"twitter_card":"summary_large_image","twitter_misc":{"Predpokladan\u00fd \u010das \u010d\u00edtania":"2 min\u00faty"},"schema":{"@context":"https:\/\/schema.org","@graph":[{"@type":"WebPage","@id":"https:\/\/www.chalupadanka.eu\/?page_id=975","url":"https:\/\/www.chalupadanka.eu\/?page_id=975","name":"Historick\u00e9 a kult\u00farne bohatstvo Gemera - Chalupadanka","isPartOf":{"@id":"https:\/\/www.chalupadanka.eu\/#website"},"primaryImageOfPage":{"@id":"https:\/\/www.chalupadanka.eu\/?page_id=975#primaryimage"},"image":{"@id":"https:\/\/www.chalupadanka.eu\/?page_id=975#primaryimage"},"thumbnailUrl":"https:\/\/www.chalupadanka.eu\/wp-content\/uploads\/2022\/01\/betliar-e1642694109239.jpg","datePublished":"2022-03-03T11:58:51+00:00","dateModified":"2022-03-07T11:50:07+00:00","breadcrumb":{"@id":"https:\/\/www.chalupadanka.eu\/?page_id=975#breadcrumb"},"inLanguage":"sk-SK","potentialAction":[{"@type":"ReadAction","target":["https:\/\/www.chalupadanka.eu\/?page_id=975"]}]},{"@type":"ImageObject","inLanguage":"sk-SK","@id":"https:\/\/www.chalupadanka.eu\/?page_id=975#primaryimage","url":"https:\/\/www.chalupadanka.eu\/wp-content\/uploads\/2022\/01\/betliar-e1642694109239.jpg","contentUrl":"https:\/\/www.chalupadanka.eu\/wp-content\/uploads\/2022\/01\/betliar-e1642694109239.jpg","width":1218,"height":1125},{"@type":"BreadcrumbList","@id":"https:\/\/www.chalupadanka.eu\/?page_id=975#breadcrumb","itemListElement":[{"@type":"ListItem","position":1,"name":"Home","item":"https:\/\/www.chalupadanka.eu\/"},{"@type":"ListItem","position":2,"name":"Historick\u00e9 a kult\u00farne bohatstvo Gemera"}]},{"@type":"WebSite","@id":"https:\/\/www.chalupadanka.eu\/#website","url":"https:\/\/www.chalupadanka.eu\/","name":"Chalupadanka","description":"Len \u010fal\u0161ia WordPress str\u00e1nka","potentialAction":[{"@type":"SearchAction","target":{"@type":"EntryPoint","urlTemplate":"https:\/\/www.chalupadanka.eu\/?s={search_term_string}"},"query-input":"required name=search_term_string"}],"inLanguage":"sk-SK"}]}},"_links":{"self":[{"href":"https:\/\/www.chalupadanka.eu\/index.php?rest_route=\/wp\/v2\/pages\/975"}],"collection":[{"href":"https:\/\/www.chalupadanka.eu\/index.php?rest_route=\/wp\/v2\/pages"}],"about":[{"href":"https:\/\/www.chalupadanka.eu\/index.php?rest_route=\/wp\/v2\/types\/page"}],"author":[{"embeddable":true,"href":"https:\/\/www.chalupadanka.eu\/index.php?rest_route=\/wp\/v2\/users\/1"}],"replies":[{"embeddable":true,"href":"https:\/\/www.chalupadanka.eu\/index.php?rest_route=%2Fwp%2Fv2%2Fcomments&post=975"}],"version-history":[{"count":6,"href":"https:\/\/www.chalupadanka.eu\/index.php?rest_route=\/wp\/v2\/pages\/975\/revisions"}],"predecessor-version":[{"id":998,"href":"https:\/\/www.chalupadanka.eu\/index.php?rest_route=\/wp\/v2\/pages\/975\/revisions\/998"}],"wp:attachment":[{"href":"https:\/\/www.chalupadanka.eu\/index.php?rest_route=%2Fwp%2Fv2%2Fmedia&parent=975"}],"curies":[{"name":"wp","href":"https:\/\/api.w.org\/{rel}","templated":true}]}}